).
2, 3
Let g = 49 - 15. What are the prime factors of g?
2, 17
Let t be 146/12 - 6/36. List the prime factors of (-2 - -5)/(t/56).
2, 7
Suppose 6 = c - 0*c. Suppose 11*g - 140 = c*g. List the prime factors of g.
2, 7
Suppose -66 = -3*b + 2*y + 133, 2*y = 2. List the prime factors of b.
67
Let f = -90 - -168. What are the prime factors of f?
2, 3, 13
Let u be 2/(-12) + (-33)/18. Let o = -1 - u. List the prime factors of ((-26)/8)/(o/(-4)).
13
Let n(f) = 2*f + 6. Let p be n(7). Suppose -3*l + p = -l. What are the prime factors of l?
2, 5
Suppose -5*i = z + 1, -3*i + 13 = 4*z - 0*i. Suppose -2*w + z*s = 2*w - 56, -10 = -5*s. List the prime factors of w.
2
Let b(y) be the third derivative of y**5/60 + y**4/12 - 2*y**3/3 + 5*y**2. Suppose -2*f + 5*w - 29 = 4, -4*w + 16 = f. List the prime factors of b(f).
2
Let r(a) = 9*a**2 - 8*a + 6. List the prime factors of r(-4).
2, 7, 13
Let x = 3 + 8. Suppose 0 = -5*c + x + 19. List the prime factors of c.
2, 3
Suppose 3*x - 2 = 5*x. What are the prime factors of (-2)/(-6)*(77 - x)?
2, 13
What are the prime factors of (15 + 0)/(35/7 - 4)?
3, 5
Let p(j) = -j**3 + 3*j**2 + 3. Let o(m) = m + 7. Let c be o(-4). What are the prime factors of p(c)?
3
Let u(s) = s**2 + 4*s + 3. Let b be u(-2). Let d be (b - (-9)/6)*4. Suppose -z = -2*k - 3*z, -d*k + 3*z = -15. List the prime factors of k.
3
Let p = 106 + -13. List the prime factors of p.
3, 31
Suppose -g + 2*g = 6. List the prime factors of g.
2, 3
Suppose o + 2*o = 60. What are the prime factors of o?
2, 5
Suppose 4*m - 40 = 24. What are the prime factors of m?
2
Let z(p) = p**2 + 14*p + 7. List the prime factors of z(-15).
2, 11
Suppose -20 = 5*x, -x + 2*x + 17 = -d. Let v = 23 + d. List the prime factors of v.
2, 5
Suppose -4 = -2*g + g. Suppose -t + 5*w = -0*t + 12, 10 = -2*t - g*w. What are the prime factors of 2/4 + t/(-2)?
2
Let d(u) = -u**3 + 5*u**2 + 4*u - 5. Suppose 12 = x + x. Suppose -3*z + x*z - 15 = 0. What are the prime factors of d(z)?
3, 5
Let h be 4/(-6)*(-12)/8. Let v(x) = x**3 + x. List the prime factors of v(h).
2
Suppose 4 + 11 = 5*c. Suppose 5*l + 17 = 2*y + 2*l, c*y = 3*l + 24. List the prime factors of y.
7
Suppose 0 = 3*k - 5*g - 4, 3*k + 0*g - 2*g - 7 = 0. Let v be -2 + 6*2/k. Suppose 0*u = -5*u - 2*a + 52, v*u = -5*a + 25. List the prime factors of u.
2, 5
Let h be (1 - 0) + -2 - -6. Suppose c + 33 = 4*u, -h*u + 3*c = c - 42. Suppose 1 = b - u. What are the prime factors of b?
3
Suppose -j - 3*p - 89 = -270, 0 = 4*j - p - 659. What are the prime factors of j?
2, 83
Suppose -2*g - 5*d = -25, -g - 13 = -3*g - d. Suppose -211 = -4*b + 2*t - 49, -g*t = 5*b - 165. Suppose -11 + b = 3*n. What are the prime factors of n?
3
Suppose -4 = 2*y - 6, -239 = -4*i + 5*y. What are the prime factors of i?
61
Let n(q) = 3*q**2 + 7*q - 6. Let s be n(4). Suppose 2*v + 2*k - 28 = 0, 5*v + 2*k = -12 + s. What are the prime factors of v?
2, 5
Let j be (-5)/30 - (-43)/6. Suppose -a - 5*u - j = 0, 5*a + 0*u + 13 = -3*u. List the prime factors of ((-6)/a)/(12/64).
2
Let p(a) = a**3 - 12*a**2 + 8. Suppose 5*g = n + 76 - 20, n + 20 = 2*g. List the prime factors of p(g).
2
Let b(r) = r**2 - r + 4. Suppose 0 = -2*v + 3*y + 4, 22 = 4*v + 5*y - 8. List the prime factors of b(v).
2, 3
Suppose 2*g + 5*k = 26, -2*g - 5*k + k = -28. List the prime factors of (-92)/(-9) + (-4)/g.
2, 5
Let d(u) = -u - 7. Let t be d(-12). Suppose 5*f + 12 + 17 = 2*w, w - t*f = 7. What are the prime factors of w?
2, 11
Let f = 116 + -43. List the prime factors of f.
73
Suppose 2*f + 4*z + 20 = 5*f, -f = -4*z - 12. Suppose -2*y - 14 = -l, f*l + y = 3*y + 56. What are the prime factors of l?
2, 7
Suppose k - 1050 = -5*k. What are the prime factors of k?
5, 7
Suppose 4*d = -3*d + 378. What are the prime factors of d?
2, 3
Suppose -4*s - 4*v = 18 - 170, 3*s + 5*v - 122 = 0. List the prime factors of s.
2, 17
Let r be 39/15 - (-2)/5. Let c = 3 - -12. Suppose -3*z + c - r = 0. List the prime factors of z.
2
Let c be (3 - 0/3)*24. Suppose u - c = -3*u. List the prime factors of u.
2, 3
Let p = 5 + -13. What are the prime factors of p/28 + 153/21?
7
Let n(f) = -8 + 2*f + f - 2*f. Let q be n(10). Suppose -b + q = -5. What are the prime factors of b?
7
Suppose 131 + 319 = 5*a. Suppose -d - 2*d = -a. List the prime factors of d.
2, 3, 5
Let z = 53 + -11. List the prime factors of z.
2, 3, 7
Let v(u) = -5*u + 9. Let t be v(6). Let r be 62/(-6) - 2/(-6). Let c = r - t. List the prime factors of c.
11
Let y = -29 + 172. Let d = y - 90. Suppose -5 = -m - 3*x, -x + d = 5*m - 0*x. List the prime factors of m.
11
Let r(v) = v**2 - 8*v + 3. Let m(n) = 2*n**2 + 26*n. Let y(p) = p**2 + 17*p. Let c(u) = 5*m(u) - 8*y(u). Let w be c(4). What are the prime factors of r(w)?
3
Suppose -2*w = b - 7, 3*w + 2*b = 7*b + 30. What are the prime factors of (14/5)/1*w?
2, 7
Suppose 48 + 516 = 4*f. List the prime factors of f.
3, 47
Suppose -j + 1 = -5. Let p be (16/6)/((-2)/j). Let i(t) = t + 15. What are the prime factors of i(p)?
7
Let s(j) = -8*j**3 + 15*j**2 - 7*j + 4. Let b(v) = 7*v**3 - 14*v**2 + 7*v - 3. Let n(d) = 7*b(d) + 6*s(d). Suppose 3*c = 13 + 8. List the prime factors of n(c).
3
Suppose 0 = -3*p + 2*t + 8, -2*p = -4*t + 7*t - 14. Suppose p*q - 47 = 5. What are the prime factors of q?
13
Let t = 18 - 13. Suppose 3*z + t*h = -27, -3*z + 19 - 67 = -2*h. Let w = z - -25. List the prime factors of w.
11
Let o = -3 - -4. Let w be 2 + 66/(-3*o). What are the prime factors of ((-16)/w)/(1/5)?
2
Let a(r) = r**3 - 5*r**2 - r - 7. Let q be a(5). Let y(x) = -3*x - 3. List the prime factors of y(q).
3, 11
Let s = -30 + 81. Suppose -2*f = 5*v - s, -5*f = -5*v - 18 - 57. What are the prime factors of f?
2, 3
Let l = -15 - 9. What are the prime factors of ((-6)/l)/(1/52)?
13
Let y = -6 - -52. List the prime factors of y.
2, 23
Suppose 30 = 2*v + 5*x - x, 5*x - 30 = -v. What are the prime factors of v?
5
Let b(c) = -c**2 + 14*c + 5. Let k be 8/(3 - 2) + 3. List the prime factors of b(k).
2, 19
Let w(y) = -31*y + 10. What are the prime factors of w(-4)?
2, 67
List the prime factors of (-6)/45 - 1628/(-60).
3
Let j(y) = -17*y + 33. What are the prime factors of j(-8)?
13
Suppose -2*s + 0*x + 15 = x, -s = 5*x - 3. Suppose 6*y = s*y - 4. Suppose y*o = 5*l - 18, -o = 3*l + 2*l - 6. List the prime factors of l.
2
Suppose 0 = -3*v - 3*u + 131 + 148, -69 = -v + 5*u. What are the prime factors of v?
89
Suppose h + 8 = 2*g, 2*h = 3*g + 7 - 19. Suppose -g*f + 8 = -12. Suppose 2*n - f*r = -21, -5*n - 5 = -3*r - 0. What are the prime factors of n?
2
Let i = 562 - 332. List the prime factors of i.
2, 5, 23
Let p(y) = y**3 + 7*y**2 + 6*y + 2. Suppose -5*h + 12 = 42. Let m be p(h). What are the prime factors of (-3)/(-6) - (-3)/m?
2
Let t be (-1)/(244/60 + -4). Suppose 2*v + 15 = -p, 0*p - 3*p - 29 = 2*v. Let x = p - t. What are the prime factors of x?
2
Let i(h) = -h**2 + 5*h - 6. Let m be i(4). Let c(p) = -p**3 - p**2 - 6. Let n be c(-3). Let a = n + m. What are the prime factors of a?
2, 5
Suppose -i - 12 = -h + 4*i, 48 = 4*h - 2*i. Suppose t = -t - 3*z - 8, 0 = 3*t + z + h. List the prime factors of (t - -9)*2/1.
2, 5
Suppose -2*f = 3*f - 30. List the prime factors of (f/(-4))/((-48)/832).
2, 13
Let n = 8 + -3. Let d = n - 6. What are the prime factors of 4*d/2*-5?
2, 5
Let j be 9 + (-3)/(-1) + -2. Suppose 144 = 4*v - 5*y, 13 + j = v + 2*y. List the prime factors of v.
31
Let b = 1 + -1. Let t be b/(3/(-3)*-1). Suppose t = -3*o - o + 24. What are the prime factors of o?
2, 3
Let u be (-45)/18*(-12)/(-10). List the prime factors of ((-24)/(-14))/(u/(-21)).
2, 3
Let c(x) be the second derivative of -x**5/20 + 7*x**4/12 - 7*x**3/6 - x**2 - 3*x. What are the prime factors of c(5)?
13
Suppose 2*b + 2*u - 18 = 2, -4*b + 44 = 2*u. What are the prime factors of b?
2, 3
Suppose -2*m + 6*m - 32 = 0. Let o = -13 - -19. Let c = m - o. What are the prime factors of c?
2
Let m(t) = t**2 + 4*t - 2. Suppose -5*g - 3*d - 25 = 0, 0 = 3*g + 3*d - d + 14. What are the prime factors of m(g)?
2, 3, 5
Let h be ((-4)/5)/((-6)/30). Suppose -5*z = h*v - 111 + 18, v = 5*z + 17. List the prime factors of v/6 - 4/6.
3
Suppose -3*m + 73 = -56. Let t = -24 + m. Suppose -2*u - n + t = 0, -3*u - 2*n - 11 + 42 = 0. List the prime factors of u.
7
Let j(h) = h**3 - 4*h**